{"id":191,"date":"2020-02-13T11:17:58","date_gmt":"2020-02-13T10:17:58","guid":{"rendered":"http:\/\/nftradingsrl.com\/?page_id=191"},"modified":"2020-04-20T19:54:38","modified_gmt":"2020-04-20T17:54:38","slug":"riparazione-motori","status":"publish","type":"page","link":"https:\/\/nftradingsrl.com\/?page_id=191","title":{"rendered":"Riparazione Motori"},"content":{"rendered":"<p>[et_pb_section fb_built=&#8221;1&#8243; _builder_version=&#8221;4.3.2&#8243;][et_pb_row _builder_version=&#8221;3.25&#8243; background_size=&#8221;initial&#8221; background_position=&#8221;top_left&#8221; background_repeat=&#8221;repeat&#8221;][et_pb_column type=&#8221;4_4&#8243; _builder_version=&#8221;3.25&#8243; custom_padding=&#8221;|||&#8221; custom_padding__hover=&#8221;|||&#8221;][et_pb_text _builder_version=&#8221;4.3.2&#8243; text_text_color=&#8221;#000000&#8243; header_2_text_color=&#8221;#ffffff&#8221; header_2_font_size=&#8221;39px&#8221; vertical_offset_tablet=&#8221;0&#8243; horizontal_offset_tablet=&#8221;0&#8243; z_index_tablet=&#8221;0&#8243; text_text_shadow_horizontal_length_tablet=&#8221;0px&#8221; text_text_shadow_vertical_length_tablet=&#8221;0px&#8221; text_text_shadow_blur_strength_tablet=&#8221;1px&#8221; link_text_shadow_horizontal_length_tablet=&#8221;0px&#8221; link_text_shadow_vertical_length_tablet=&#8221;0px&#8221; link_text_shadow_blur_strength_tablet=&#8221;1px&#8221; ul_text_shadow_horizontal_length_tablet=&#8221;0px&#8221; ul_text_shadow_vertical_length_tablet=&#8221;0px&#8221; ul_text_shadow_blur_strength_tablet=&#8221;1px&#8221; ol_text_shadow_horizontal_length_tablet=&#8221;0px&#8221; ol_text_shadow_vertical_length_tablet=&#8221;0px&#8221; ol_text_shadow_blur_strength_tablet=&#8221;1px&#8221; quote_text_shadow_horizontal_length_tablet=&#8221;0px&#8221; quote_text_shadow_vertical_length_tablet=&#8221;0px&#8221; quote_text_shadow_blur_strength_tablet=&#8221;1px&#8221; header_text_shadow_horizontal_length_tablet=&#8221;0px&#8221; header_text_shadow_vertical_length_tablet=&#8221;0px&#8221; header_text_shadow_blur_strength_tablet=&#8221;1px&#8221; header_2_text_shadow_horizontal_length_tablet=&#8221;0px&#8221; header_2_text_shadow_vertical_length_tablet=&#8221;0px&#8221; header_2_text_shadow_blur_strength_tablet=&#8221;1px&#8221; header_3_text_shadow_horizontal_length_tablet=&#8221;0px&#8221; header_3_text_shadow_vertical_length_tablet=&#8221;0px&#8221; header_3_text_shadow_blur_strength_tablet=&#8221;1px&#8221; header_4_text_shadow_horizontal_length_tablet=&#8221;0px&#8221; header_4_text_shadow_vertical_length_tablet=&#8221;0px&#8221; header_4_text_shadow_blur_strength_tablet=&#8221;1px&#8221; header_5_text_shadow_horizontal_length_tablet=&#8221;0px&#8221; header_5_text_shadow_vertical_length_tablet=&#8221;0px&#8221; header_5_text_shadow_blur_strength_tablet=&#8221;1px&#8221; header_6_text_shadow_horizontal_length_tablet=&#8221;0px&#8221; header_6_text_shadow_vertical_length_tablet=&#8221;0px&#8221; header_6_text_shadow_blur_strength_tablet=&#8221;1px&#8221; box_shadow_horizontal_tablet=&#8221;0px&#8221; box_shadow_vertical_tablet=&#8221;0px&#8221; box_shadow_blur_tablet=&#8221;40px&#8221; box_shadow_spread_tablet=&#8221;0px&#8221;]<\/p>\n<h1 id=\"imPgTitle\">Riparazione Motori<\/h1>\n<h5 id=\"imBreadcrumb\">Servizi<\/h5>\n<div id=\"imGroup_1\" class=\"imHGroup\">\n<div id=\"imCell_1\">\n<div id=\"imCellStyleGraphics_1\"><\/div>\n<div id=\"imCellStyle_1\" data-responsive-sequence-number=\"1\">\n<div id=\"imTextObject_1\">\n<div id=\"imTextObject_1_tab0\" class=\"text-tab-content\">\n<div class=\"text-inner\">\n<p><span class=\"fs13 cf1 ff1\">E&#8217; disponibile il servizio di revisione dei motori pi\u00f9 comuni. Al ricevimento della merce, viene formulata un&#8217;offerta al Cliente indicando il costo relativo alla sistemazione dei difetti. Il proseguimento del servizio prevede la conferma dell&#8217;offerta da parte del Cliente.<\/span><\/p>\n<p>Garanzia motori:<\/p>\n<p>Il motore riparato \u00e8 coperto da garanzia contro errori di riparazione per un massimo di 1000 ore di lavoro e comunque per un periodo di 6 mesi. \u00a0In tale periodo ci impegniamo a riparare il motore che, dopo un riscontro tecnico da parte nostra, risulta essere difettoso per cause non dovute ad imperizia nel suo maneggio da parte del Cliente. In questo caso i lavori di riparazioni verranno eseguiti da NF Trading che affronter\u00e0 le eventuali spese di trasporto. \u00c8 impossibile esercitare il diritto di rescissione del contratto per violazioni contrattuali minori, in particolare modo in presenza di difetti di entit\u00e0 e gravit\u00e0 ridotte. Se il Cliente decide di rescindere il contratto, non pu\u00f2 pi\u00f9 avanzare alcuna richiesta di risarcimento.<br \/> La garanzia non copre i difetti derivati da usura, uso improprio, eccessiva sollecitazione, cambiamenti apportati al prodotto o simili. Il Cliente ha l\u2019onere di prova per tutti i casi soggetti a garanzia.<br \/> Il Cliente ha il dovere di permettere a NF Trading di controllare l\u2019oggetto da lui ritenuto difettoso.<br \/> I reclami da parte del Cliente per difetto di riparazione devono essere presentati entro 2 settimane dall\u2019avvenuta consegna per danni evidenti. Rimangono inviolati gli obblighi di indagine e di notifica dei difetti secondo la vigente normativa<br \/> Salvo esplicita diversa pattuizione nei singoli contratti, Global Technology non si fa carico di altre garanzie nei termini della legge.<\/p>\n<p>&nbsp;<\/p>\n<\/div>\n<\/div>\n<\/div>\n<\/div>\n<\/div>\n<\/div>\n<p>[\/et_pb_text][\/et_pb_column][\/et_pb_row][\/et_pb_section]<\/p>\n","protected":false},"excerpt":{"rendered":"<p>Riparazione Motori Servizi E&#8217; disponibile il servizio di revisione dei motori pi\u00f9 comuni. Al ricevimento della merce, viene formulata un&#8217;offerta al Cliente indicando il costo relativo alla sistemazione dei difetti. Il proseguimento del servizio prevede la conferma dell&#8217;offerta da parte del Cliente. Garanzia motori: Il motore riparato \u00e8 coperto da garanzia contro errori di riparazione [&hellip;]<\/p>\n","protected":false},"author":1,"featured_media":0,"parent":0,"menu_order":0,"comment_status":"closed","ping_status":"closed","template":"","meta":{"_et_pb_use_builder":"on","_et_pb_old_content":"","_et_gb_content_width":"","footnotes":""},"class_list":["post-191","page","type-page","status-publish","hentry"],"_links":{"self":[{"href":"https:\/\/nftradingsrl.com\/index.php?rest_route=\/wp\/v2\/pages\/191","targetHints":{"allow":["GET"]}}],"collection":[{"href":"https:\/\/nftradingsrl.com\/index.php?rest_route=\/wp\/v2\/pages"}],"about":[{"href":"https:\/\/nftradingsrl.com\/index.php?rest_route=\/wp\/v2\/types\/page"}],"author":[{"embeddable":true,"href":"https:\/\/nftradingsrl.com\/index.php?rest_route=\/wp\/v2\/users\/1"}],"replies":[{"embeddable":true,"href":"https:\/\/nftradingsrl.com\/index.php?rest_route=%2Fwp%2Fv2%2Fcomments&post=191"}],"version-history":[{"count":4,"href":"https:\/\/nftradingsrl.com\/index.php?rest_route=\/wp\/v2\/pages\/191\/revisions"}],"predecessor-version":[{"id":1068,"href":"https:\/\/nftradingsrl.com\/index.php?rest_route=\/wp\/v2\/pages\/191\/revisions\/1068"}],"wp:attachment":[{"href":"https:\/\/nftradingsrl.com\/index.php?rest_route=%2Fwp%2Fv2%2Fmedia&parent=191"}],"curies":[{"name":"wp","href":"https:\/\/api.w.org\/{rel}","templated":true}]}}